t is the units digit of 117640472?
2
What is the thousands digit of 417500927?
0
What is the millions digit of 586750613?
6
What is the hundred thousands digit of 56373548?
3
What is the hundred millions digit of 756563225?
7
What is the units digit of 386797878?
8
What is the ten millions digit of 36225048?
3
What is the tens digit of 45713097?
9
What is the ten millions digit of 92277488?
9
What is the units digit of 56749095?
5
What is the thousands digit of 71706257?
6
What is the hundreds digit of 66890568?
5
What is the hundreds digit of 270153638?
6
What is the tens digit of 4994171786?
8
What is the ten millions digit of 23193279?
2
What is the hundred thousands digit of 1832909717?
9
What is the thousands digit of 46307371?
7
What is the thousands digit of 71081341?
1
What is the hundreds digit of 1123739109?
1
What is the ten millions digit of 1018935000?
1
What is the hundreds digit of 258096077?
0
What is the thousands digit of 2894511634?
1
What is the tens digit of 15766596?
9
What is the ten thousands digit of 1141965956?
6
What is the ten thousands digit of 7016376540?
7
What is the thousands digit of 59094848?
4
What is the ten millions digit of 37104982?
3
What is the millions digit of 19836206?
9
What is the hundred millions digit of 179658478?
1
What is the ten thousands digit of 11586052?
8
What is the millions digit of 79657358?
9
What is the hundreds digit of 416619948?
9
What is the hundreds digit of 1033483526?
5
What is the ten thousands digit of 2256185692?
8
What is the units digit of 4313769854?
4
What is the thousands digit of 493136297?
6
What is the thousands digit of 110195144?
5
What is the millions digit of 754413024?
4
What is the hundreds digit of 1991814972?
9
What is the thousands digit of 189067826?
7
What is the millions digit of 69715395?
9
What is the tens digit of 2369613599?
9
What is the millions digit of 12380278?
2
What is the ten millions digit of 1783397925?
8
What is the billions digit of 1560096194?
1
What is the tens digit of 46258168?
6
What is the hundred thousands digit of 1008579988?
5
What is the ten millions digit of 3624477102?
2
What is the units digit of 5277284?
4
What is the units digit of 418748524?
4
What is the tens digit of 4651247968?
6
What is the ten millions digit of 229707563?
2
What is the ten thousands digit of 150849559?
4
What is the tens digit of 33763960?
6
What is the ten thousands digit of 160062189?
6
What is the millions digit of 2157411?
2
What is the hundred millions digit of 1597713261?
5
What is the ten thousands digit of 93972607?
7
What is the thousands digit of 47823556?
3
What is the ten millions digit of 254979883?
5
What is the ten thousands digit of 326700750?
0
What is the millions digit of 484315345?
4
What is the tens digit of 262490229?
2
What is the millions digit of 16573691?
6
What is the units digit of 18575948?
8
What is the hundred thousands digit of 291589738?
5
What is the billions digit of 1038830768?
1
What is the thousands digit of 8281757?
1
What is the units digit of 152262423?
3
What is the hundred thousands digit of 193625799?
6
What is the ten thousands digit of 2142323?
4
What is the millions digit of 113360151?
3
What is the millions digit of 1203737387?
3
What is the units digit of 39031978?
8
What is the millions digit of 993814260?
3
What is the hundreds digit of 251488302?
3
What is the hundred millions digit of 647319249?
6
What is the units digit of 51562378?
8
What is the units digit of 62021560?
0
What is the units digit of 86405734?
4
What is the hundreds digit of 54866218?
2
What is the ten thousands digit of 6522278310?
7
What is the hundreds digit of 80812288?
2
What is the tens digit of 77683035?
3
What is the thousands digit of 6500734913?
4
What is the units digit of 1104500323?
3
What is the billions digit of 2198591465?
2
What is the hundred millions digit of 3959345634?
9
What is the hundreds digit of 594594755?
7
What is the ten thousands digit of 1009083442?
8
What is the ten millions digit of 3243346803?
4
What is the millions digit of 61268650?
1
What is the ten millions digit of 28729229?
2
What is the millions digit of 340434287?
0
What is the ten thousands digit of 18667308?
6
What is the thousands digit of 3528477840?
7
What is the millions digit of 6273736?
6
What is the tens digit of 5889258?
5
What is the tens digit of 194551942?
4
What is the hundred thousands digit of 30735985?
7
What is the thousands digit of 100792183?
2
What is the hundreds digit of 770134344?
3
What is the ten millions digit of 1053783541?
5
What is the millions digit of 7514411567?
4
What is the millions digit of 8984312?
8
What is the thousands digit of 1650436347?
6
What is the millions digit of 73934648?
3
What is the hundreds digit of 574539698?
6
What is the units digit of 262685446?
6
What is the thousands digit of 316299361?
9
What is the hundred thousands digit of 27759458?
7
What is the units digit of 934824390?
0
What is the hundred millions digit of 2061887937?
0
What is the millions digit of 48200468?
8
What is the ten thousands digit of 3837910530?
1
What is the thousands digit of 2348789933?
9
What is the thousands digit of 79849779?
9
What is the ten millions digit of 1175976657?
7
What is the ten thousands digit of 4100940519?
4
What is the millions digit of 56384234?
6
What is the millions digit of 28642545?
8
What is the hundred millions digit of 2000746362?
0
What is the ten millions digit of 4954459569?
5
What is the ten thousands digit of 599127879?
2
What is the hundred millions digit of 182286238?
1
What is the hundreds digit of 6147414?
4
What is the units digit of 129846278?
8
What is the ten millions digit of 40559783?
4
What is the ten thousands digit of 1013221529?
2
What is the hundred thousands digit of 51298918?
2
What is the hundreds digit of 13095271?
2
What is the millions digit of 23664742?
3
What is the hundreds digit of 4105566296?
2
What is the tens digit of 300634990?
9
What is the tens digit of 28299874?
7
What is the hundred thousands digit of 23623434?
6
What is the millions digit of 322975345?
2
What is the ten thousands digit of 70038055?
3
What is the tens digit of 93171741?
4
What is the tens digit of 22553215?
1
What is the millions digit of 150456016?
0
What is the hundreds digit of 6189382?
3
What is the thousands digit of 41047589?
7
What is the millions digit of 7298490?
7
What is the millions digit of 68692103?
8
What is the hundreds digit of 413072952?
9
What is the thousands digit of 1555805476?
5
What is the ten thousands digit of 40598610?
9
What is the hundred millions digit of 3524501163?
5
What is the billions digit of 5234876311?
5
What is the tens digit of 163047720?
2
What is the units digit of 167984561?
1
What is the tens digit of 208965308?
0
What is the ten millions digit of 154591501?
5
What is the thousands digit of 96694943?
4
What is the hundred thousands digit of 2220005632?
0
What is the hundreds digit of 14491368?
3
What is the ten millions digit of 5086599119?
8
What is the tens digit of 141588374?
7
What is the ten millions digit of 27958264?
2
What is the ten millions digit of 109700559?
0
What is the hundred millions digit of 5141631744?
1
What is the hundreds digit of 3160218132?
1
What is the units digit of 542387818?
8
What is the hundreds digit of 720636227?
2
What is the thousands digit of 308603386?
3
What is the thousands digit of 401211494?
1
What is the thousands digit of 9865102?
5
What is the hundred thousands digit of 60764770?
7
What is the millions digit of 195660699?
5
What is the ten millions digit of 2574233177?
7
What is the ten thousands digit of 229802113?
0
What is the thousands digit of 1105940530?
0
What is the ten thousands digit of 933187316?
8
What is the hundred thousands digit of 47852270?
8
What is the thousands digit of 408599751?
9
What is the millions digit of 239586437?
9
What is the thousands digit of 1199792648?
2
What is the units digit of 101745871?
1
What is the ten thousands digit of 2074057?
7
What is the units digit of 1851048229?
9
What is the units digit of 374175025?
5
What is the hundred millions digit of 341793078?
3
What is the ten millions digit of 27242171?
2
What is the units digit of 17514220?
0
W